15). What are the prime factors of (-435)/(-9) - (2 - u/j)?
7
Suppose -7*q - 339 - 473 = 0. Let c = -30 + -26. Let r = c - q. What are the prime factors of r?
2, 3, 5
Let h be -2 + -3 + 6262 - -5. Suppose 4*y = -1142 + h. What are the prime factors of y?
2, 5
Let h(n) = 6*n**3 + 68*n**2 + 22*n + 8. Let f be h(-11). Suppose -f*v = -0*v - 7712. List the prime factors of v.
2, 241
Let m = -200 - -218. Let n(k) = -k**3 + 19*k**2 - 2*k - 24. List the prime factors of n(m).
2, 3, 11
Let g = 345 - 343. Let d(f) = 16*f**2 + 20*f - 2. What are the prime factors of d(g)?
2, 3, 17
Suppose 0 = 5*o - 24 + 4, 5*w = -6*o + 23839. What are the prime factors of w?
11, 433
What are the prime factors of (-5 - 116/(-12))*(159624/14)/6?
2, 3, 739
Suppose -q + 5546 = -j + 61843, -q + 168863 = 3*j. What are the prime factors of j?
2, 5, 13, 433
Let t(x) = x**2 - 13*x. Let w be t(13). Suppose w = 3*p + 2*h - 3983, -9*h + 2687 = 2*p - 14*h. List the prime factors of p.
11
Let j(n) = 2*n**2 - n + 147. List the prime factors of j(40).
3307
Let a = 73 + -71. Suppose -o + w = 3*w - 96, -5*w + 195 = a*o. What are the prime factors of o?
2, 3, 5
Let z be (-7)/(224/7436) - (-12)/32. Let a = 616 + z. List the prime factors of a.
2, 3
Let b(n) = -13*n**3 - 8*n**2 + 32*n + 29. What are the prime factors of b(-8)?
61, 97
Let j = -10232 + 22413. What are the prime factors of j?
13, 937
Let d = 0 + 10. Let r be (-4)/12 + (-3 - (-34)/3). What are the prime factors of d - (-3 + -1 + r)?
2, 3
Let p(f) be the second derivative of 9/2*f**2 - 3*f - 1/6*f**4 - 7/6*f**3 + 1/20*f**5 + 0. What are the prime factors of p(6)?
3, 37
Suppose -192*x = -188*x + 52. Let j(m) = -36*m + 17. List the prime factors of j(x).
5, 97
Suppose -5*u + 5 = 0, -4*k + 5*u - 5 = -6*k. Suppose k = 14*p - 12295 - 4533. What are the prime factors of p?
2, 601
Let g(d) = 701*d + 8108. List the prime factors of g(34).
2, 15971
Suppose 118*b = 29*b + 165807. List the prime factors of b.
3, 23
Let d = -74168 - -123125. What are the prime factors of d?
3, 16319
Suppose 7*s = 8*s - 2*s + 11525. List the prime factors of s.
5, 461
Let g = 54271 + -25534. What are the prime factors of g?
3, 31, 103
Let i(n) = 6*n**2 - 2*n - 3. Let p be ((-1)/2)/(7/42). Let t be (4/(-12))/(p/(-27)). List the prime factors of i(t).
3, 19
What are the prime factors of (-14931)/(-7) + -10 - (3 - 4)?
2, 3, 59
Let d be (2/(-20)*5)/(3/(-7410)). Suppose -2*r + d = -37. List the prime factors of r.
2, 3, 53
What are the prime factors of (1/2)/(92/5530120)?
5, 6011
Suppose -18*l + 540195 = -175667 + 37892. List the prime factors of l.
3, 5, 31
Suppose 10*q = -11*q + 1827. Suppose -g + q = 4*b - 375, 0 = 2*b + 10. List the prime factors of g.
2, 241
Suppose -3*p + 637 = 151. Suppose -49*q - 45 = -64*q. Suppose 4*s - 3*s - 48 = 5*f, q*s + 3*f - p = 0. List the prime factors of s.
53
Let g(u) = 8*u + 18. Let x be g(-2). Let q(h) = 9*h**2 + 2*h. Let k(b) = b**2 - b - 1. Let p(l) = 2*k(l) + q(l). List the prime factors of p(x).
2, 3, 7
Suppose -5*a - 56388 - 795 = -2*y, -8*y + 228585 = a. What are the prime factors of y?
2, 7, 13, 157
Let r = 88205 - 54429. List the prime factors of r.
2, 2111
List the prime factors of (260176/(-21))/8*(-6)/(-4)*-4.
2, 23, 101
Suppose -3*f = 3*f - 30. Suppose -39 = -7*n - 11. Suppose -34 = -2*r + f*i - n*i, -4*r + i = -70. What are the prime factors of r?
2, 3
Let x be 32/240 - 68563/(-15). Let w = -3170 + x. What are the prime factors of w?
3, 467
Let i = -2822 - -1342. Let u = 2428 + i. What are the prime factors of u?
2, 3, 79
Suppose 0 = 4*z + 4, -3*l + 3*z + 68270 = -15766. What are the prime factors of l?
3, 9337
Let g(c) = 53784*c**2 + 164*c - 164. What are the prime factors of g(1)?
2, 3, 83
Let b be (-6)/2 - -4 - (-1 + -925). Let c = -412 + b. List the prime factors of c.
5, 103
Suppose -38*x = -337112 - 1294608. What are the prime factors of x?
2, 5, 19, 113
Suppose 0 = 4*u - 4*a + 2928, 2*a = -0*a + 10. Let q = 1480 + u. What are the prime factors of q?
3, 251
Suppose 409*f = 104*f + 2359107 + 1611993. What are the prime factors of f?
2, 3, 5, 7, 31
Let r = -32796 + 79092. What are the prime factors of r?
2, 3, 643
Suppose 14*v - 19*v + 3*a + 109184 = 0, -2*v + 5*a = -43647. List the prime factors of v.
21841
Let n(l) = -7*l - 6. Let y = 36 - 31. Suppose -y*s - 44 = 6*s. What are the prime factors of n(s)?
2, 11
Suppose -5*y = -y - 128. Suppose -5*v + 65 = -d + 2*d, 0 = 3*v + 2*d - y. Suppose -4*t = 12, 2*q - 4*t = -2*t + v. List the prime factors of q.
2
Let u = 8855 + 2907. List the prime factors of u.
2, 5881
Suppose -57299 = -29*q + 54583. List the prime factors of q.
2, 3, 643
Let h be (1173/(-115))/(26/(-20) - -1). Suppose -24*a - 2720 = -h*a. List the prime factors of a.
2, 17
Let j be 2/9 - 7/(126/4). Suppose -4*b - t = -7*b + 2, j = b + 2*t - 10. Suppose 0 = -b*o - 30 + 246. What are the prime factors of o?
2, 3
Suppose -15*p + 20137 + 31043 = 0. List the prime factors of p.
2, 853
Let m(a) = a + 1 + 12 + 3*a + 4 - a**2. Let q be m(6). Suppose -3*p + q*x = -237, 4*x + 15 - 3 = 0. List the prime factors of p.
2, 37
Suppose -12153 = -19*s + 8513 + 26758. List the prime factors of s.
2, 3, 13
Let l(a) = 10*a + 260. Let s be (-2 + -2 + 4)*4/8. List the prime factors of l(s).
2, 5, 13
Let x = 288 + -260. Suppose m = x*m - 8586. List the prime factors of m.
2, 3, 53
Suppose -744786 = -132*x + 1586202. What are the prime factors of x?
17659
Let v be 321 - (-3)/(-3) - (17 + -11). Suppose 421 = 7*n - v. List the prime factors of n.
3, 5, 7
Let x be 6*(-5 - 32)*1. List the prime factors of (x/8)/((-1)/16).
2, 3, 37
Suppose 687658 + 258179 = 60*r - 43503. What are the prime factors of r?
11, 1499
Let q(b) be the first derivative of -87*b**2/2 - 156*b - 38. What are the prime factors of q(-15)?
3, 383
Suppose -143 + 107 = 3*i. What are the prime factors of (i/9)/1*459/(-2)?
2, 3, 17
Suppose 35 = -5*g - 5*u, 0*u = 4*g - u + 8. Let p be -5 + (-4 - (0 - g)). List the prime factors of (2 - (-262)/6) + 8/p.
3, 5
Let q(g) = g**2 + 3*g - 6. Let h be q(-7). Suppose 17*p + 25 = h*p. Suppose -p*r - 4*c + 291 = 0, -5 = 5*c - 0*c. What are the prime factors of r?
59
Suppose -5*o = -2*i + 106, 3*o + 3*i = 2*i - 57. Let x be 26/39 + -2 + o/(-6). Suppose -x*y + 170 = -62. List the prime factors of y.
2, 29
Suppose -9*m + 1331 = 2*m. Suppose -m + 19 = -w. List the prime factors of w.
2, 3, 17
Let j = -143 - -233. List the prime factors of j/(-105) - (-6171)/21.
293
Suppose 74920 = 52*y - 73592. What are the prime factors of y?
2, 3, 7, 17
Suppose 5*r = -2*i + 6*i - 354, -279 = -3*i - 3*r. Let a = -5968 - -5979. Let g = i + a. What are the prime factors of g?
2, 3, 17
Let u = 24703 - 17313. What are the prime factors of u?
2, 5, 739
Let k = 2179 - -1337. List the prime factors of k.
2, 3, 293
Suppose -39054 + 7403 = -19*q + 55825. List the prime factors of q.
2, 1151
Let z = -1272 + 1890. What are the prime factors of z?
2, 3, 103
Let k(r) = 0 - 4*r**2 + 8*r + 19 + 7*r + 2*r**2 + 21*r**2. What are the prime factors of k(-5)?
419
Let b be 139*(8/(-2) - -3)*-1. Suppose b = 4*s - 3*s. Suppose -395 = -5*j - 5*i, -2*j + 5*i = -s - 40. What are the prime factors of j?
2, 41
Suppose -4*z + 26 = -3*z. Let q(i) = -2*i - z + i + 3*i + 2. What are the prime factors of q(18)?
2, 3
List the prime factors of -1*(12/16 + (-30775)/4).
7, 157
Suppose -i + 2*q = 6, 5*q = -5*i - 0*q. Let l be 6/(3*i/3). List the prime factors of -1 - 81*(l - -2).
2, 5
Let u = 435 - 219. Let x = u - 162. List the prime factors of x.
2, 3
What are the prime factors of ((-1023288)/(-70) + -18)*(-10)/(-4)?
3, 23
Let m be (-15)/10*2 + 47. Suppose 275 + 373 = 4*o. Let v = o - m. List the prime factors of v.
2, 59
Suppose 51*r - 18 = 50*r. Let z = r + -12. What are the prime factors of ((-141)/z)/((-1)/4)?
2, 47
List the prime factors of (-1927 - -1 - 0)/(19 + -20).
2, 3, 107
Let a(s) = -s**2 - 2*s - 32. Let c be a(0). Let f = c + 36. What are the prime factors of 0 + 4*(f - (0 + 2))?
2
Let b(l) = -l**3 - 3*l**2 + 7*l + 8. Let n be b(-5). Suppose 4*s = -2 - 18, -5*s = k + n. Suppose k*x + 12 = 26. What are the prime factors of x?
7
Let t = 1987 - 1551. Suppose 0*y - 20 = -5*y. Suppose 8*m - t = y*m. List the prime factors of m.
109
What are the prime factors of (-2)/